**2 + 2*s - 3. Calculate the remainder when 30 is divided by t(2).
13
Let s(g) = g**2 + 2. Let h = 4230 + -4159. What is the remainder when h is divided by s(-4)?
17
Let u(n) = -2*n - 18. Let q be u(-8). Calculate the remainder when 46 is divided by q/((-14)/12 - -1).
10
What is the remainder when 39 is divided by (-129)/(-21) + (-20)/(-7) + -3?
3
Suppose -r - g = r - 34, -2*r + 4*g = -34. Let h = -31 + 79. Calculate the remainder when h is divided by r.
14
Let g(b) = -b**3 - 4*b**2 - 4*b - 1. Suppose 5*m = 8 + 2. What is the remainder when m is divided by g(-3)?
0
Let x(r) = -r**2 + r. Let n be x(-2). Let p(m) = -5*m + 46. Let k be p(13). Let w = n - k. Calculate the remainder when 37 is divided by w.
11
Let z(j) = -23*j - 222. What is the remainder when 108 is divided by z(-11)?
15
Let k = -47 - -88. Let g = -22 + -4. Let z = g - -48. Calculate the remainder when k is divided by z.
19
Suppose 1376 = -114*l + 118*l. Calculate the remainder when l is divided by 117.
110
Suppose 0 = 4*i - 3*j - 42, -5*i = 2*j - 7*j - 55. Let o(q) = 3*q - 9. Suppose -2*y = -87 - 51. What is the remainder when y is divided by o(i)?
15
Let r(z) = -2*z**2 + 7*z. Let o be r(4). Let c(t) = t**3 + 4*t**2 - 4*t + 1. Calculate the remainder when 32 is divided by c(o).
15
Let a = -13 + 14. Let r(i) = 10*i**2 + i. What is the remainder when 14 is divided by r(a)?
3
Suppose -v - 2 + 46 = 0. Suppose 7*d - 3*d = v. Let r(g) = g**3 + 6*g**2 - 4*g + 6. Calculate the remainder when r(-6) is divided by d.
8
Let r = -6 - -16. Let l = 5 + -3. Calculate the remainder when l is divided by (-36)/(-30) - 2/r.
0
Suppose -4*r + 5*p = 99, 0 = 2*r - 3*p - 0*p + 51. Calculate the remainder when 65 is divided by r/(-2)*(40/(-12))/(-1).
30
Let s(j) = -55*j**3 - 5*j - 6. Let w be s(-3). Suppose 24*g = 18*g + w. What is the remainder when g is divided by 63?
60
Suppose 2*k - 4 = 4. Let s(n) = -2 + k*n - 2 + 3 + 2. What is the remainder when 7 is divided by s(1)?
2
Suppose -249 = -5*h + 201. What is the remainder when h is divided by 23?
21
Suppose -2*p + 1 = -w, -2*w - 2*p = w + 27. Let a(n) = 2*n**2 + 5*n - 16. Calculate the remainder when a(w) is divided by 5.
2
Let m(r) be the third derivative of -r**6/120 + 2*r**5/15 + 7*r**4/24 - 13*r**3/6 + 8*r**2. Calculate the remainder when m(6) is divided by 26.
23
Let d(h) be the third derivative of -h**6/60 - h**5/30 - h**4/12 - 39*h**2. Calculate the remainder when 42 is divided by d(-2).
6
Let h(a) = 4*a + 69. Let o be h(-16). Suppose 141 = o*q - k + 59, 5*q = -3*k + 94. What is the remainder when 101 is divided by q?
16
Let g = -60 + 106. Let x = -325 + 332. What is the remainder when g is divided by x?
4
Let n = 12 - 7. Suppose -4*g + 0*g + 68 = 4*d, n*d - g - 73 = 0. What is the remainder when d is divided by 12/(((-25)/(-30))/(20/36))?
7
Let k = -36 - -33. Calculate the remainder when 11 is divided by ((-2)/k)/(18/108).
3
Let l be 1*(-75)/12*-8. Suppose -5*i = -10*i + l. What is the remainder when i is divided by 6?
4
Suppose 2*y = -3*l - 9, -3*y - 2*l + 4*l + 6 = 0. Suppose -62 = -3*x - g + 57, y = g - 5. Let a = 57 - x. Calculate the remainder when a is divided by 7.
5
Let f = 9 - 7. Suppose -4*j - 70 = -9*j - f*y, -y + 70 = 5*j. Suppose 4*l + j = 5*l. What is the remainder when 26 is divided by l?
12
Suppose 3*r = 4*r - 3. Suppose r*s = -2*s + 345. Calculate the remainder when s is divided by -4*(-2)/4 - -16.
15
Let s = 210 + -121. Let x = s - 81. Calculate the remainder when 19 is divided by x.
3
Suppose -435 = 269*h - 286*h + 381. Let l = -31 - -107. Suppose 3*q - 4*g - 67 = 0, 0*g + 2*g = 4*q - l. Calculate the remainder when h is divided by q.
14
Let g = 475 - 399. What is the remainder when 2506 is divided by g?
74
Suppose 5*t = -4*q + 340, -74 = -t + q - 3*q. What is the remainder when 254 is divided by t?
62
Let t be ((-4)/(-12))/((-1)/(-12)). Suppose 3*h - b + 17 + 18 = 0, -3*h - 50 = -t*b. What is the remainder when 40 is divided by (252/30)/((-4)/h)?
19
Let n(z) = 37*z - 137. What is the remainder when n(11) is divided by 25?
20
Suppose -l = -3*x - 25, -3*x - 137 = -5*l - 48. Let v = l - -63. Calculate the remainder when v is divided by 40.
39
Suppose 8*a = -511 + 1407. What is the remainder when a is divided by 19?
17
Let l(h) = 20*h**2. Let y = 3 + -5. Let j be l(y). Suppose 0 = -5*k + 5*x - 3*x + j, 36 = 4*k + 4*x. Calculate the remainder when 54 is divided by k.
12
Let i be (4/(-2))/((-2)/(-4)). Let o be i + 9 + -3 + -4. What is the remainder when 38 is divided by o + (-10)/(-2) + 10?
12
What is the remainder when 112 is divided by 6 - (-57 - (-12)/2)?
55
Let g(r) = 2*r**2 + 6*r + 2. Suppose -t = t + 8. Calculate the remainder when g(t) is divided by 8.
2
Let a(j) = -j**2 - 15*j. Let s be a(-7). Suppose 3*r + 6 = 0, -2*r = -4*q + 64 + 52. Let v = s - q. Calculate the remainder when v is divided by 10.
8
Suppose -n - 45 = -3*n - 3*o, -4*o = n - 35. Suppose -v + 4*v - 3*m - 273 = 0, 278 = 3*v + 2*m. Let t = v + -64. What is the remainder when t is divided by n?
13
Let d(j) = j**3 + 3*j**2 - 2*j - 28. What is the remainder when d(4) is divided by 69?
7
Let a = -110 + 225. Calculate the remainder when a is divided by 17.
13
Let o(s) = s**2 - 14*s + 19. Let g be o(12). Let l = g + 27. What is the remainder when 63 is divided by l?
19
Let w(t) = t + 6. Let a = -16 + 11. Calculate the remainder when w(a) is divided by 4/(-6)*(-9)/6.
0
Let f(v) = -v**2 + 22*v - 37. Let u be f(20). Calculate the remainder when 40 is divided by (u/6*22)/1.
7
Let r = -1107 + 1592. What is the remainder when r is divided by 54?
53
Suppose 1 + 260 = 9*c. What is the remainder when 129 is divided by c?
13
Suppose 2*z + 3 = 9. Let h = 0 + z. Suppose g + h*u = 18, -u = -2*g - 4*u + 27. Calculate the remainder when 34 is divided by g.
7
Let z(r) = 6*r**2 + 3*r - 12. Let s be z(5). Suppose 5*u = -63 + s. What is the remainder when 69 is divided by u?
15
Suppose -30 = 2*p - 236. Suppose -5*x + p = -52. What is the remainder when x is divided by 18?
13
Let j(f) = -11*f**2 + 159*f + 2. Calculate the remainder when 358 is divided by j(14).
70
Suppose 4*i = 3*i + 26. Let t(d) be the first derivative of d**4/4 + d**3 - 2*d**2 - 3*d + 2. What is the remainder when i is divided by t(-2)?
8
Suppose -735 = -5*c + 2*b, -5*c - 18*b + 16*b = -735. What is the remainder when c is divided by 47?
6
Suppose 6*r - 4*r - 2*k = 300, -2*r - 5*k + 279 = 0. Let d = r + -134. What is the remainder when 23 is divided by d?
10
Suppose 4*u = -6 - 62. Let z = 16 + u. Calculate the remainder when 23 is divided by 15*(z/3)/(-1).
3
Let j = 84 - 42. What is the remainder when j is divided by 27?
15
Suppose -3 = -5*q + 17. Suppose q*r - 65 = -r. Calculate the remainder when 50 is divided by r.
11
Let o(i) = -i**3 + 12*i**2 - 4*i - 16. Let d be o(10). Suppose 12*w - d = 6*w. What is the remainder when 68 is divided by w?
20
Let y = -22 - -24. Suppose -y*m = 3*m - 165. Calculate the remainder when 129 is divided by m.
30
Suppose 3*g + 3*b + 123 = 0, b - 3*b - 168 = 4*g. Let n = -20 - g. What is the remainder when 41 is divided by n?
18
Suppose -37*m + 101*m - 1280 = 0. What is the remainder when 456 is divided by m?
16
Suppose 5*t = -24 + 4. Suppose -5*o - 2 = 3*j, 26 = j + 4*o - 9*o. Calculate the remainder when 75 is divided by (t/j)/((-4)/114).
18
Let z = 11 - -7. Let x(m) = -m**3 - 8*m**2 - 9*m - 7. Let j be x(-7). Suppose -2*n + j = -n. What is the remainder when z is divided by n?
4
Calculate the remainder when 163 is divided by (-1)/((1 - -1)*11/(-902)).
40
Suppose 0*y = -3*y + 21. Let u = -4 - y. Let l = u - -32. What is the remainder when l is divided by 6?
3
Let z(y) = -y**2 + 10*y + 4. Let r be z(5). Suppose 0 = -p + 3*a + 20, -4*p = -6*p - 5*a + r. Calculate the remainder when p is divided by 5.
2
Let y(p) = -10*p - 3. Let z be y(-3). Calculate the remainder when 107 is divided by ((-40)/6)/(-5)*z.
35
Let f = -38 + -152. Let q = f - -332. What is the remainder when q is divided by 48?
46
Suppose -5*o = -9 - 16. Suppose -3*z = -0*r + 2*r + 4, -5*r - o*z = 0. Suppose 0 = 5*w, -r*w - 85 = -u - 4*u. Calculate the remainder when 33 is divided by u.
16
Suppose 7*c - c = 12. What is the remainder when 7 is divided by 5*c - (-25)/(-5)?
2
Let v = -14 + 13. Calculate the remainder when 2